 (base 2) in base 7?
-5
Convert -21 (base 6) to base 7.
-16
What is 5 (base 15) in base 2?
101
2 (base 14) to base 9
2
Convert 221 (base 3) to base 9.
27
Convert 20 (base 4) to base 10.
8
-1012 (base 4) to base 7
-130
Convert -20 (base 4) to base 7.
-11
21 (base 5) to base 2
1011
1a (base 12) to base 11
20
Convert -3 (base 9) to base 4.
-3
Convert 11 (base 13) to base 4.
32
Convert 1100 (base 2) to base 11.
11
0 (base 10) to base 2
0
-13 (base 6) to base 9
-10
What is 10 (base 4) in base 6?
4
-84 (base 15) to base 2
-1111100
What is -5 (base 8) in base 4?
-11
36 (base 7) to base 3
1000
What is 29 (base 11) in base 4?
133
What is 132 (base 11) in base 3?
12210
-57 (base 10) to base 15
-3c
What is 3 (base 8) in base 11?
3
Convert -5 (base 10) to base 15.
-5
Convert -1001010 (base 2) to base 7.
-134
4 (base 5) to base 4
10
-22 (base 14) to base 7
-42
What is 5 (base 15) in base 5?
10
What is 1 (base 4) in base 16?
1
Convert 38 (base 10) to base 13.
2c
Convert 1 (base 3) to base 11.
1
Convert 0 (base 5) to base 8.
0
-22 (base 4) to base 8
-12
Convert 20 (base 11) to base 15.
17
Convert -21 (base 15) to base 9.
-34
What is -100 (base 2) in base 8?
-4
2 (base 8) to base 15
2
-37 (base 13) to base 6
-114
17 (base 12) to base 14
15
What is -2 (base 14) in base 5?
-2
24 (base 15) to base 2
100010
What is 11 (base 2) in base 9?
3
What is 3 (base 10) in base 4?
3
What is 1 (base 8) in base 5?
1
Convert -18 (base 14) to base 4.
-112
10 (base 2) to base 15
2
Convert -3 (base 7) to base 10.
-3
Convert -200 (base 3) to base 4.
-102
6d (base 15) to base 16
67
Convert -6 (base 15) to base 6.
-10
Convert 111 (base 10) to base 16.
6f
-32 (base 4) to base 11
-13
Convert -224 (base 9) to base 4.
-2320
-141 (base 7) to base 13
-60
What is -46 (base 7) in base 6?
-54
What is -2 (base 9) in base 2?
-10
What is 32 (base 7) in base 3?
212
-300 (base 4) to base 12
-40
14 (base 6) to base 16
a
-5 (base 12) to base 6
-5
Convert 1011 (base 2) to base 4.
23
Convert -230 (base 7) to base 12.
-9b
What is -10 (base 6) in base 10?
-6
Convert -101100 (base 2) to base 16.
-2c
31 (base 11) to base 15
24
Convert -2 (base 9) to base 6.
-2
What is -2 (base 16) in base 4?
-2
Convert -1010110 (base 2) to base 5.
-321
Convert 1 (base 14) to base 4.
1
Convert -20 (base 3) to base 16.
-6
What is 351 (base 6) in base 4?
2023
-17 (base 14) to base 11
-1a
38 (base 10) to base 6
102
111 (base 11) to base 3
11221
12 (base 4) to base 8
6
6 (base 7) to base 15
6
-2 (base 13) to base 16
-2
-1c (base 15) to base 9
-30
110 (base 2) to base 16
6
Convert 151 (base 11) to base 4.
2301
11102 (base 3) to base 10
119
What is -11001 (base 2) in base 13?
-1c
44 (base 13) to base 2
111000
What is 2b (base 13) in base 5?
122
What is -11020 (base 4) in base 16?
-148
Convert 0 (base 7) to base 14.
0
What is 1031 (base 4) in base 13?
5c
-2 (base 16) to base 15
-2
What is 51 (base 12) in base 14?
45
3 (base 14) to base 3
10
Convert 1 (base 6) to base 14.
1
-12 (base 9) to base 3
-102
15 (base 9) to base 8
16
0 (base 16) to base 12
0
What is 66 (base 12) in base 13?
60
Convert -1001100 (base 2) to base 14.
-56
Convert -6 (base 9) to base 11.
-6
What is -105 (base 6) in base 13?
-32
Convert 26 (base 12) to base 6.
50
What is 0 (base 13) in base 10?
0
100 (base 2) to base 15
4
-1 (base 2) to base 11
-1
-3 (base 12) to base 11
-3
What is 1 (base 3) in base 14?
1
Convert -80 (base 10) to base 8.
-120
-4 (base 10) to base 4
-10
What is -a3 (base 12) in base 13?
-96
What is 4 (base 14) in base 8?
4
-22 (base 3) to base 9
-8
Convert -213 (base 4) to base 14.
-2b
What is 101 (base 11) in base 14?
8a
-4 (base 15) to base 13
-4
What is 1 (base 14) in base 6?
1
Convert 7 (base 15) to base 12.
7
What is 5 (base 6) in base 9?
5
What is -12 (base 3) in base 7?
-5
What is -105 (base 8) in base 13?
-54
Convert -3 (base 4) to base 7.
-3
Convert 1 (base 12) to base 9.
1
What is 3e (base 15) in base 9?
65
What is 0 (base 16) in base 8?
0
-15 (base 15) to base 16
-14
Convert 5 (base 8) to base 10.
5
56 (base 7) to base 6
105
What is -133 (base 4) in base 5?
-111
Convert -6 (base 13) to base 15.
-6
What is 1110 (base 3) in base 14?
2b
What is -22 (base 5) in base 11?
-11
What is 101010010 (base 2) in base 3?
110112
1331 (base 4) to base 15
85
What is 11101 (base 2) in base 4?
131
What is -1 (base 15) in base 7?
-1
Convert 13 (base 8) to base 9.
12
Convert -4 (base 16) to base 10.
-4
What is 1230 (base 5) in base 8?
276
What is -11132 (base 4) in base 7?
-1010
What is -4 (base 5) in base 10?
-4
What is 211 (base 7) in base 12?
8a
What is -1 (base 11) in base 5?
-1
Convert e (base 16) to base 5.
24
What is -35 (base 12) in base 10?
-41
Convert 11011 (base 2) to base 13.
21
-11101 (base 2) to base 13
-23
-6b (base 14) to base 5
-340
What is 1 (base 11) in base 7?
1
Convert 1001000 (base 2) to base 4.
1020
What is -21 (base 5) in base 2?
-1011
-11 (base 2) to base 10
-3
-223 (base 8) to base 6
-403
Convert -3030 (base 4) to base 11.
-176
-9 (base 14) to base 11
-9
-1 (base 7) to base 4
-1
What is -1002 (base 3) in base 15?
-1e
Convert -1 (base 7) to base 11.
-1
Convert 13 (base 10) to base 7.
16
Convert 3 (base 13) to base 4.
3
Convert 433 (base 7) to base 4.
3130
-3d (base 14) to base 16
-37
Convert 3 (base 8) to base 11.
3
Convert 16 (base 9) to base 2.
1111
What is 5 (base 10) in base 7?
5
-5 (base 8) to base 16
-5
2 (base 7) to base 8
2
What is -6 (base 14) in base 5?
-11
Convert -21 (base 5) to base 14.
-b
What is 10101000 (base 2) in base 8?
250
-1 (base 14) to base 3
-1
14 (base 16) to base 4
110
Convert 6 (base 15) to base 6.
10
Convert -303 (base 7) to base 4.
-2112
-30 (base 15) to base 13
-36
What is -61 (base 11) in base 14?
-4b
What is 5a (base 11) in base 8?
101
1211 (base 4) to base 8
145
Convert 14 (base 11) to base 9.
16
Convert 1012 (base 5) to base 16.
84
Convert -b (base 14) to base 11.
-10
Convert -600 (base 7) to base 11.
-248
Convert 5 (base 8) to base 7.
5
Convert -4 (base 8) to base 13.
-4
216 (base 7) to base 15
76
1 (base 13) to base 11
1
What is -5 (base 10) in base 7?
-5
Convert 1 (base 4) to base 2.
1
What is -2 (base 9) in base 8?
-2
Convert 1 (base 9) to base 2.
1
4b (base 12) to base 7
113
What is 0 (base 14) in base 5?
0
Convert 54 (base 16) to base 3.
10010
What is 1 (base 6) in base 7?
1
Convert 4 (base 7) to base 4.
10
Convert -4 (base 7) to base 3.
-11
Convert -5 (base 16) to base 6.
-5
What is 22 (base 5) in base 12?
10
What is -1 (base 2) in base 3?
-1
-9 (base 15) to base 3
-100
Convert -24 (base 7) to base 14.
-14
Convert 102 (base 7) to base 15.
36
What is 1 (base 2) in base 13?
1
3 (base 12) to base 11
3
What is -31 (base 14) in base 9?
-47
Convert -4 (base 6) to base 11.
-4
Convert -3a (base 13) to base 4.
-301
-64 (base 11) to base 5
-240
142 (base 6) to base 4
332
Convert -5 (base 14) to base 7.
-5
-2001 (base 4) to base 10
-129
What is -122 (base 3) in base 10?
-17
What is -18 (base 11) in base 12?
-17
Convert 0 (base 9) to base 2.
0
Convert -19 (base 16) to base 6.
-41
-10 (base 6) to base 14
-6
What is 55 (base 8) in base 15?
30
-6 (base 9) to base 11
-6
What is -a1 (base 11) in base 8?
-157
What is 2 (base 8) in base 16?
2
Convert -112101 (base 3) to base 5.
-3023
Convert -10101 (base 2) to base 11.
-1a
-1 (base 7) to base 12
-1
-8 (base 15) to base 8
-10
Convert -19 (base 16) to base 3.
-221
Convert 2 (base 6) to base 4.
2
-1021 (base 3) to base 10
-34
-7 (base 15) to base 6
-11
What is -3 (base 11) in base 12?
-3
4 (base 7) to base 4
10
Convert -a (base 15) to base 12.
-a
What is 3 (base 7) in base 4?
3
Convert -6 (base 12) to base 13.
-6
Convert -184 (base 9) to base 7.
-313
What is 332 (base 6) in base 9?
152
What is 23 (base 7) in base 4?
101
Convert 1010 (base 2) to base 6.
14
Convert -63 (base 13) to base 16.
-51
130 (base 4) to base 7
40
14 (base 8) to base 10
12
What is -22 (base 4) in base 14?
-a
Convert -6 (base 15) to base 9.
-6
-70 (base 11) to base 8
-115
What is 1 (base 16) in base 2?
1
Convert 1232 (base 4) to base 16.
6e
101 (base 2) to base 15
5
1 (base 11) to base 3
1
5 (base 10) to base 6
5
0 (base 13) to base 12
0
1110000 (base 2) to base 11
a2
Convert 100 (base 2) to base 15.
4
What is 14 (base 15) in base 12?
17
6 (base 7) to base 6
10
Convert 0 (base 2) to ba